{"id":17,"date":"2015-07-15T16:57:47","date_gmt":"2015-07-15T16:57:47","guid":{"rendered":"http:\/\/hanssarvar.com\/?page_id=17"},"modified":"2015-07-23T23:57:17","modified_gmt":"2015-07-23T18:27:17","slug":"north-america","status":"publish","type":"page","link":"https:\/\/hanssarvar.com\/index.php\/continents\/north-america\/","title":{"rendered":"North America"},"content":{"rendered":"<ul class=\"recent-posts  unstyled\"><li class=\"recent-posts_li post-3068 post type-post status-publish format-standard has-post-thumbnail hentry category-continents category-news category-north-america  list-item-0 clearfix\"><figure class=\"thumbnail featured-thumbnail\"><a href=\"https:\/\/hanssarvar.com\/index.php\/2017\/04\/26\/us-state-passes-resolution-hailing-contributions-of-sikhs\/\" title=\"US state passes resolution hailing contributions of Sikhs\"><img src=\"https:\/\/hanssarvar.com\/wp-content\/uploads\/2017\/04\/2017_4largeimg23_Sunday_2017_211902109-600x300.jpg\" alt=\"US state passes resolution hailing contributions of Sikhs\"\/><\/a><\/figure><h5><a href=\"https:\/\/hanssarvar.com\/index.php\/2017\/04\/26\/us-state-passes-resolution-hailing-contributions-of-sikhs\/\" title=\"US state passes resolution hailing contributions of Sikhs\">US state passes resolution hailing contributions of Sikhs<\/a><\/h5><div class=\"excerpt\">US state passes resolution hailing contributions of Sikhs Washington, April 23 The US state of Indiana has unanimously passed a resolution recognising the Sikh community's \"significant contributions\" to America. \"The Indiana Senate recognises and acknowledges the significant contributions that American Sikhs have made across the United States and to the&hellip;<\/div><a href=\"https:\/\/hanssarvar.com\/index.php\/2017\/04\/26\/us-state-passes-resolution-hailing-contributions-of-sikhs\/\" class=\"btn btn-primary\" title=\"US state passes resolution hailing contributions of Sikhs\">Next Part<\/a><div class=\"clear\"><\/div><\/li><!-- .entry (end) --><li class=\"recent-posts_li post-2989 post type-post status-publish format-standard has-post-thumbnail hentry category-continents category-events category-north-america  list-item-1 clearfix\"><figure class=\"thumbnail featured-thumbnail\"><a href=\"https:\/\/hanssarvar.com\/index.php\/2017\/04\/22\/sikh-day-parade-new-york-city\/\" title=\"Sikh Day Parade New York City\"><img src=\"https:\/\/hanssarvar.com\/wp-content\/uploads\/2017\/04\/sikh-day-parade-600x300.jpg\" alt=\"Sikh Day Parade New York City\"\/><\/a><\/figure><h5><a href=\"https:\/\/hanssarvar.com\/index.php\/2017\/04\/22\/sikh-day-parade-new-york-city\/\" title=\"Sikh Day Parade New York City\">Sikh Day Parade New York City<\/a><\/h5><div class=\"excerpt\">Sikh Day Parade New York City. Sikh Day Parade is held Annually It is to be celebrated on 22 April 2017 at New York City. Hope to see you all there.<\/div><a href=\"https:\/\/hanssarvar.com\/index.php\/2017\/04\/22\/sikh-day-parade-new-york-city\/\" class=\"btn btn-primary\" title=\"Sikh Day Parade New York City\">Next Part<\/a><div class=\"clear\"><\/div><\/li><!-- .entry (end) --><li class=\"recent-posts_li post-2809 post type-post status-publish format-standard has-post-thumbnail hentry category-articles category-north-america category-special-report  list-item-2 clearfix\"><figure class=\"thumbnail featured-thumbnail\"><a href=\"https:\/\/hanssarvar.com\/index.php\/2017\/04\/08\/ontario-assembly-calls-1984-riots-as-genocide-india-rejects\/\" title=\"Ontario assembly calls 1984 riots as \u2018genocide\u2019; India rejects\"><img src=\"https:\/\/hanssarvar.com\/wp-content\/uploads\/2017\/04\/Rajnath-Singh-and-Sukhbir-Singh-Badal-at-the-1984-Genocide-Memorial1.png\" alt=\"Ontario assembly calls 1984 riots as \u2018genocide\u2019; India rejects\"\/><\/a><\/figure><h5><a href=\"https:\/\/hanssarvar.com\/index.php\/2017\/04\/08\/ontario-assembly-calls-1984-riots-as-genocide-india-rejects\/\" title=\"Ontario assembly calls 1984 riots as \u2018genocide\u2019; India rejects\">Ontario assembly calls 1984 riots as \u2018genocide\u2019; India rejects<\/a><\/h5><div class=\"excerpt\">Ontario assembly calls 1984 riots as \u2018genocide\u2019, India rejects. Proceeding that took place in Ontario, Canada recognizing 1984 Sikh genocide in India as a resolution after Liberal Party legislator Harinder Malhi who moved a motion in the Ontario Assembly was unanimously passed. To bring to our readers the complete scenario&hellip;<\/div><a href=\"https:\/\/hanssarvar.com\/index.php\/2017\/04\/08\/ontario-assembly-calls-1984-riots-as-genocide-india-rejects\/\" class=\"btn btn-primary\" title=\"Ontario assembly calls 1984 riots as \u2018genocide\u2019; India rejects\">Next Part<\/a><div class=\"clear\"><\/div><\/li><!-- .entry (end) --><li class=\"recent-posts_li post-2697 post type-post status-publish format-standard has-post-thumbnail hentry category-asia category-continents category-india category-interviews category-north-america  list-item-3 clearfix\"><figure class=\"thumbnail featured-thumbnail\"><a href=\"https:\/\/hanssarvar.com\/index.php\/2015\/12\/31\/shamsher-singh-sandhu\/\" title=\"Multicolored voice &#8211; SHAMSHER SINGH SANDHU\"><img src=\"https:\/\/hanssarvar.com\/wp-content\/uploads\/2015\/12\/shamsher-singh-sandhu.jpg\" alt=\"Multicolored voice &#8211; SHAMSHER SINGH SANDHU\"\/><\/a><\/figure><h5><a href=\"https:\/\/hanssarvar.com\/index.php\/2015\/12\/31\/shamsher-singh-sandhu\/\" title=\"Multicolored voice &#8211; SHAMSHER SINGH SANDHU\">Multicolored voice &#8211; SHAMSHER SINGH SANDHU<\/a><\/h5><div class=\"excerpt\">AS we all know the name of the Canadian Punjabi Ghazal writer and singer Shamsher Singh Sandhu who maintained the multicolored culture of Punjab all over the world. Read below to know about his journey of life. sqrMgI pING -krmjIq isMG, cMzIgVH \u00ccon 99150-91063 &nbsp; \u00c8m\u00c8yr sMDU dI \u00c8\u00c9sIaq \u0192&hellip;<\/div><a href=\"https:\/\/hanssarvar.com\/index.php\/2015\/12\/31\/shamsher-singh-sandhu\/\" class=\"btn btn-primary\" title=\"Multicolored voice &#8211; SHAMSHER SINGH SANDHU\">Next Part<\/a><div class=\"clear\"><\/div><\/li><!-- .entry (end) --><li class=\"recent-posts_li post-2659 post type-post status-publish format-standard has-post-thumbnail hentry category-north-america  list-item-4 clearfix\"><figure class=\"thumbnail featured-thumbnail\"><a href=\"https:\/\/hanssarvar.com\/index.php\/2015\/09\/21\/oak-creek-mayor-writes-book-on-sikh-temple-slayings\/\" title=\"Oak Creek mayor writes book on Sikh Temple slayings\"><img src=\"https:\/\/hanssarvar.com\/wp-content\/uploads\/2015\/09\/bookcover-600x300.jpg\" alt=\"Oak Creek mayor writes book on Sikh Temple slayings\"\/><\/a><\/figure><h5><a href=\"https:\/\/hanssarvar.com\/index.php\/2015\/09\/21\/oak-creek-mayor-writes-book-on-sikh-temple-slayings\/\" title=\"Oak Creek mayor writes book on Sikh Temple slayings\">Oak Creek mayor writes book on Sikh Temple slayings<\/a><\/h5><div class=\"excerpt\">Oak Creek Mayor Steve Scaffidi has written a book about the Aug. 5, 2012, shootings at the Sikh Temple of Wisconsin. There wasn't any handbook to guide Oak Creek Mayor Steve Scaffidi in the aftermath of the Aug. 5, 2012, shootings at the Sikh Temple of Wisconsin. A lone gunman&hellip;<\/div><a href=\"https:\/\/hanssarvar.com\/index.php\/2015\/09\/21\/oak-creek-mayor-writes-book-on-sikh-temple-slayings\/\" class=\"btn btn-primary\" title=\"Oak Creek mayor writes book on Sikh Temple slayings\">Next Part<\/a><div class=\"clear\"><\/div><\/li><!-- .entry (end) --><\/ul><!-- .recent-posts (end) -->\n","protected":false},"excerpt":{"rendered":"","protected":false},"author":1,"featured_media":0,"parent":29,"menu_order":0,"comment_status":"open","ping_status":"open","template":"","meta":{"_mi_skip_tracking":false,"_monsterinsights_sitenote_active":false,"_monsterinsights_sitenote_note":"","_monsterinsights_sitenote_category":0},"yoast_head":"<!-- This site is optimized with the Yoast SEO plugin v17.6 - https:\/\/yoast.com\/wordpress\/plugins\/seo\/ -->\n<title>North America - Hans Sarvar<\/title>\n<meta name=\"robots\" content=\"index, follow, max-snippet:-1, max-image-preview:large, max-video-preview:-1\" \/>\n<link rel=\"canonical\" href=\"http:\/\/hanssarvar.com\/index.php\/continents\/north-america\/\" \/>\n<meta property=\"og:locale\" content=\"en_US\" \/>\n<meta property=\"og:type\" content=\"article\" \/>\n<meta property=\"og:title\" content=\"North America - Hans Sarvar\" \/>\n<meta property=\"og:url\" content=\"http:\/\/hanssarvar.com\/index.php\/continents\/north-america\/\" \/>\n<meta property=\"og:site_name\" content=\"Hans Sarvar\" \/>\n<meta property=\"article:modified_time\" content=\"2015-07-23T18:27:17+00:00\" \/>\n<meta name=\"twitter:card\" content=\"summary\" \/>\n<script type=\"application\/ld+json\" class=\"yoast-schema-graph\">{\"@context\":\"https:\/\/schema.org\",\"@graph\":[{\"@type\":\"WebSite\",\"@id\":\"https:\/\/hanssarvar.com\/#website\",\"url\":\"https:\/\/hanssarvar.com\/\",\"name\":\"Hans Sarvar\",\"description\":\"Human Rights, Sikhism,Justice,magazine,news\",\"potentialAction\":[{\"@type\":\"SearchAction\",\"target\":{\"@type\":\"EntryPoint\",\"urlTemplate\":\"https:\/\/hanssarvar.com\/?s={search_term_string}\"},\"query-input\":\"required name=search_term_string\"}],\"inLanguage\":\"en-US\"},{\"@type\":\"WebPage\",\"@id\":\"http:\/\/hanssarvar.com\/index.php\/continents\/north-america\/#webpage\",\"url\":\"http:\/\/hanssarvar.com\/index.php\/continents\/north-america\/\",\"name\":\"North America - Hans Sarvar\",\"isPartOf\":{\"@id\":\"https:\/\/hanssarvar.com\/#website\"},\"datePublished\":\"2015-07-15T16:57:47+00:00\",\"dateModified\":\"2015-07-23T18:27:17+00:00\",\"breadcrumb\":{\"@id\":\"http:\/\/hanssarvar.com\/index.php\/continents\/north-america\/#breadcrumb\"},\"inLanguage\":\"en-US\",\"potentialAction\":[{\"@type\":\"ReadAction\",\"target\":[\"http:\/\/hanssarvar.com\/index.php\/continents\/north-america\/\"]}]},{\"@type\":\"BreadcrumbList\",\"@id\":\"http:\/\/hanssarvar.com\/index.php\/continents\/north-america\/#breadcrumb\",\"itemListElement\":[{\"@type\":\"ListItem\",\"position\":1,\"name\":\"Home\",\"item\":\"https:\/\/hanssarvar.com\/\"},{\"@type\":\"ListItem\",\"position\":2,\"name\":\"Continents\",\"item\":\"http:\/\/hanssarvar.com\/index.php\/continents\/\"},{\"@type\":\"ListItem\",\"position\":3,\"name\":\"North America\"}]}]}<\/script>\n<!-- \/ Yoast SEO plugin. -->","yoast_head_json":{"title":"North America - Hans Sarvar","robots":{"index":"index","follow":"follow","max-snippet":"max-snippet:-1","max-image-preview":"max-image-preview:large","max-video-preview":"max-video-preview:-1"},"canonical":"http:\/\/hanssarvar.com\/index.php\/continents\/north-america\/","og_locale":"en_US","og_type":"article","og_title":"North America - Hans Sarvar","og_url":"http:\/\/hanssarvar.com\/index.php\/continents\/north-america\/","og_site_name":"Hans Sarvar","article_modified_time":"2015-07-23T18:27:17+00:00","twitter_card":"summary","schema":{"@context":"https:\/\/schema.org","@graph":[{"@type":"WebSite","@id":"https:\/\/hanssarvar.com\/#website","url":"https:\/\/hanssarvar.com\/","name":"Hans Sarvar","description":"Human Rights, Sikhism,Justice,magazine,news","potentialAction":[{"@type":"SearchAction","target":{"@type":"EntryPoint","urlTemplate":"https:\/\/hanssarvar.com\/?s={search_term_string}"},"query-input":"required name=search_term_string"}],"inLanguage":"en-US"},{"@type":"WebPage","@id":"http:\/\/hanssarvar.com\/index.php\/continents\/north-america\/#webpage","url":"http:\/\/hanssarvar.com\/index.php\/continents\/north-america\/","name":"North America - Hans Sarvar","isPartOf":{"@id":"https:\/\/hanssarvar.com\/#website"},"datePublished":"2015-07-15T16:57:47+00:00","dateModified":"2015-07-23T18:27:17+00:00","breadcrumb":{"@id":"http:\/\/hanssarvar.com\/index.php\/continents\/north-america\/#breadcrumb"},"inLanguage":"en-US","potentialAction":[{"@type":"ReadAction","target":["http:\/\/hanssarvar.com\/index.php\/continents\/north-america\/"]}]},{"@type":"BreadcrumbList","@id":"http:\/\/hanssarvar.com\/index.php\/continents\/north-america\/#breadcrumb","itemListElement":[{"@type":"ListItem","position":1,"name":"Home","item":"https:\/\/hanssarvar.com\/"},{"@type":"ListItem","position":2,"name":"Continents","item":"http:\/\/hanssarvar.com\/index.php\/continents\/"},{"@type":"ListItem","position":3,"name":"North America"}]}]}},"_links":{"self":[{"href":"https:\/\/hanssarvar.com\/index.php\/wp-json\/wp\/v2\/pages\/17"}],"collection":[{"href":"https:\/\/hanssarvar.com\/index.php\/wp-json\/wp\/v2\/pages"}],"about":[{"href":"https:\/\/hanssarvar.com\/index.php\/wp-json\/wp\/v2\/types\/page"}],"author":[{"embeddable":true,"href":"https:\/\/hanssarvar.com\/index.php\/wp-json\/wp\/v2\/users\/1"}],"replies":[{"embeddable":true,"href":"https:\/\/hanssarvar.com\/index.php\/wp-json\/wp\/v2\/comments?post=17"}],"version-history":[{"count":3,"href":"https:\/\/hanssarvar.com\/index.php\/wp-json\/wp\/v2\/pages\/17\/revisions"}],"predecessor-version":[{"id":2473,"href":"https:\/\/hanssarvar.com\/index.php\/wp-json\/wp\/v2\/pages\/17\/revisions\/2473"}],"up":[{"embeddable":true,"href":"https:\/\/hanssarvar.com\/index.php\/wp-json\/wp\/v2\/pages\/29"}],"wp:attachment":[{"href":"https:\/\/hanssarvar.com\/index.php\/wp-json\/wp\/v2\/media?parent=17"}],"curies":[{"name":"wp","href":"https:\/\/api.w.org\/{rel}","templated":true}]}}